0)?
22
Let t(r) = -r**2 + 15*r + 11. Let i be t(8). Let v = i - -46. What is the remainder when v is divided by 9?
5
Let h = -30 - -197. Calculate the remainder when h is divided by 42.
41
Suppose -2*f - 5 = 5*m - 57, -2*f + 52 = 4*m. Let u = -16 + f. What is the remainder when 57 is divided by u?
7
Let t(y) = -11*y - 5. Let a be t(-2). Suppose -a*d + 21*d - 44 = 0. Calculate the remainder when 74 is divided by d.
8
Let n = 46 + -32. Let b = n - 18. Calculate the remainder when 39 is divided by (-11 - -9)/(1/b).
7
Let w be (-1 + -3 - 0)*-1. Suppose 2*r = w*r - 118. Let o(f) = 3*f**3 - 56*f**2 - 18*f - 4. Calculate the remainder when r is divided by o(19).
14
Let f(d) = 2*d**3 - 43*d**2 + 20*d + 40. Calculate the remainder when 41 is divided by f(21).
3
Suppose -80 - 172 = -12*r. Suppose -5*h - 20 = 0, -2*h - 18 - 173 = -3*n. Suppose -2*m + n + 61 = 0. What is the remainder when m is divided by r?
19
Suppose 0 = -5*j - 4*j + 153. Calculate the remainder when 9/(-1)*(1 - 10) is divided by j.
13
Suppose -38 = -5*q - i, -3*i + 37 = 4*q - 0*q. Let s = -27 - -35. Suppose -s*y = -10*y + 38. What is the remainder when y is divided by q?
5
Suppose -3*t + 1029 = -3*w, -3*t + 800 + 213 = w. Calculate the remainder when t is divided by 65.
14
Suppose -p = -5*p + 8. Suppose -4*u + p*f - 3*f + 29 = 0, 5*u = -f + 35. Let w = -41 + 58. Calculate the remainder when w is divided by u.
5
Suppose 0 = 5*p - 80 - 200. Let y = p + -42. What is the remainder when 54 is divided by y?
12
Suppose 8*d - 5*d = 63. Let g = 80 + 0. What is the remainder when g is divided by d?
17
Let j = 573 - 471. Calculate the remainder when j is divided by 15.
12
Suppose 3*a - 2*i = 142, -a + i + 2*i = -59. Let h = -25 - -38. Calculate the remainder when a is divided by h.
5
Let m(j) = -3*j**3 + 7*j**2 - 4*j - 3. Let d be m(4). Let v = -88 - d. What is the remainder when v is divided by 3?
2
Suppose 44*s - 14*s - 1530 = 0. What is the remainder when s is divided by 19?
13
Let q be 2/(-6) - 2/(-6). Suppose 4*n + 0*n - 8 = q. Let b = 10 - n. Calculate the remainder when 15 is divided by b.
7
Let y(d) = 6*d**2 - d - 2. Let o be y(-1). Let j(u) = -u**3 - 3*u**2 + 2*u + 3. Let l be j(-2). Calculate the remainder when o + l + -1 + 22 is divided by 6.
3
Calculate the remainder when 45 is divided by (-46)/6*(3/(-1) + 0).
22
Suppose -5*m - 19 = -4*y, -y + m - 4 = -10. Suppose g + 2*h = 24, 0*g - 4*g - 4*h = -112. What is the remainder when g is divided by y?
10
Suppose 3*t = -4*r + 207, 0 = 2*r + 5*t - 4*t - 101. Let a = -49 - -74. What is the remainder when r is divided by a?
23
Suppose 12*b = 5*b + 105. Calculate the remainder when 42 is divided by b.
12
Let c be -1*(-4 - -3) - -97. Suppose 0 = -4*t + c + 22. Suppose 2*z - 3*z + t = 0. Calculate the remainder when z is divided by 16.
14
Let w = -141 + 142. Suppose -5*f = 5*z - 210, 4*f - 5*z = f + 86. Calculate the remainder when f is divided by (-2)/((6 - w)*30/(-975)).
11
Let w = -23 + 32. Let y = w - -13. Calculate the remainder when 85 is divided by y.
19
Let z(t) = 12*t**2 - 1. Let b(o) = -4*o - 82. Let w be b(-21). What is the remainder when z(w) is divided by 9?
2
Let p(h) = -h**3 + 9*h**2 - 15*h + 213. Calculate the remainder when 456 is divided by p(8).
142
Let b(j) = j**3 + 7*j**2 - 11*j - 20. Let d be b(-8). Suppose -42 = -d*x + 10. Calculate the remainder when ((-126)/(-4))/((-1)/(-2)) is divided by x.
11
Suppose 0 = 2*g - 6*g - 192. Let i = 62 + g. Suppose -4*c + 58 = d - 2, -3*d + c = -115. What is the remainder when d is divided by i?
12
Let v = 52 - -16. Let t be (-9230)/(-70) + (-4)/(-28). Let f = t - v. Calculate the remainder when f is divided by 13.
12
Suppose 7*k - 2*k = 0. Suppose k = -l - 2*l + 54. Let j = -206 + 257. What is the remainder when j is divided by l?
15
Suppose -2*g + 48 = 6*g. Suppose g*x + x = 294. Calculate the remainder when 81 is divided by x.
39
Let d(r) = 28*r + 5. Let w be d(13). Suppose -4*v = -w + 73. What is the remainder when v is divided by 10?
4
Suppose 3*j - 3*l - 78 = -6*l, 4 = 4*l. Let o(m) be the first derivative of -m**3/3 + 5*m**2 - 2*m - 8. What is the remainder when j is divided by o(8)?
11
Suppose -5*g - 2*z + 2 = 0, -9 = -5*g - z - 3. Suppose -3*a = 5*k - 15, k + 12 - g = 2*a. Suppose -l + 4 + 5 = k. What is the remainder when 17 is divided by l?
8
What is the remainder when (-1 + 2)*(-37 - 4)*-1 is divided by 12?
5
Suppose -q = 3*q. Suppose -f + q = -5. What is the remainder when 14 is divided by f?
4
Let i be -4*4/24*9. Let d(r) = 12*r + 11. Let g(x) = -x - 1. Let v(u) = i*d(u) - 66*g(u). Calculate the remainder when 22 is divided by v(-2).
10
Let v be (-4 - 0)*(-2 - 0). Suppose 0 = -13*x + 11*x + 56. What is the remainder when v/36 + (-1454)/(-18) is divided by x?
25
Let t(u) = -6*u - 1. Let w be t(-1). Let c(l) = 2*l**2 + l + 3. What is the remainder when c(w) is divided by (-2)/(-1) + 8 + 5?
13
Suppose 6*v - 75 = v. Suppose o = 2*o - v. Let w(l) = -l**2 + 17*l - 19. What is the remainder when 42 is divided by w(o)?
9
Suppose -2574 = -27*p - 12*p. Calculate the remainder when 88 is divided by p.
22
Let b = 1549 + -506. Calculate the remainder when b is divided by 19.
17
Suppose 90*g - 82*g - 664 = 0. What is the remainder when g is divided by 19?
7
Suppose 0 = p - 3*l - 5, 4*l - 20 = -l. Calculate the remainder when -10*((-4)/26 + (-1676)/260) is divided by p.
15
Let u be 29/9 + 8/(-36). Suppose u*r = -2*t - 24 + 89, 4*r - 80 = 4*t. What is the remainder when 58 is divided by r?
16
Let i(z) = -2*z**2 - 23*z - 13. Let y be i(-11). Calculate the remainder when 792/(-12)*y/6 is divided by 8.
6
Suppose -2*i - 70 = 2*n, 3*n + 144 = i + 23. Let q = n - -66. Calculate the remainder when 78 is divided by q.
24
Let r be 1/(2/16*4). Suppose -m - r*m = 0. Let l(g) = g + 6. Calculate the remainder when 22 is divided by l(m).
4
Let i = -1578 + 1618. Calculate the remainder when 147 is divided by i.
27
Let b(p) = p**3 - p**2 + p + 22. Suppose 0 = 2*w - 2*h + 48, -3*w + 2*h + 45 - 112 = 0. Let m = w + 82. Calculate the remainder when m is divided by b(0).
19
Suppose -80 = -p - 4*k, p = 4*k + 47 + 73. What is the remainder when p is divided by 28?
16
Suppose 4*o + a - 181 = 0, -3*a - 193 = -4*o - 0*a. Calculate the remainder when o is divided by 11.
2
Suppose 8*f + 96 = 2*p + 4*f, 5*p - 261 = 3*f. Calculate the remainder when p is divided by 7.
5
Let a(k) = k**2 + 25*k - 79. Calculate the remainder when (-2)/(-4) - (36/(-8) - 0) is divided by a(-28).
0
Let f(w) = 2*w**2 + 21*w + 22. Let u be f(-20). Calculate the remainder when 84 is divided by u/24 + 1/4.
16
Let v(c) = -c + 57. Let u be v(0). Suppose 0 = -4*x + u + 3. What is the remainder when 4/8 + (-53)/(-2) is divided by x?
12
Let a(f) = -f**3 - 7*f**2 - 18*f - 8. Let k be a(-7). Suppose 11*z - k = 102. What is the remainder when z is divided by 3?
2
Let d be (-340)/15*36/24. Suppose s + s = -6. Calculate the remainder when 84 is divided by (3/s)/(2/d).
16
Suppose 3*d + 791 = 5*i, -17*i + 14*i - 3*d + 465 = 0. Calculate the remainder when i is divided by 43.
28
Let c(f) = -3*f**2 - 70*f - 5. Calculate the remainder when c(-14) is divided by 26.
23
Let d = -71 + 104. Suppose -5*c - 11 = v - 4*v, -v = c - 17. Calculate the remainder when d is divided by v.
9
Let h(o) = -3*o**2 + 12*o - 7. Let r be h(8). Let v = r - -111. What is the remainder when 27 is divided by v?
3
Calculate the remainder when 24/32 - (-2596)/16 is divided by 42.
37
Let i = -43 + 109. Let b(a) = -55*a - 73. What is the remainder when i is divided by b(-2)?
29
Let y(b) = 2*b - 11. Let q be (-288)/(-8) + (-1 - 1). Let h = -22 + q. Calculate the remainder when h is divided by y(8).
2
Let a = 29 + -28. Suppose 2*l + 2*l - 40 = 0. Let x = 11 - l. Calculate the remainder when x is divided by a.
0
Let b(m) = m**2 - 3*m - 3. Let f(r) = 12*r**2 - 39*r - 39. Let q(u) = 54*b(u) - 4*f(u). Calculate the remainder when 23 is divided by q(-1).
5
Let n(d) = -18*d + 5. Let j(s) = -37*s + 11. Let k(r) = 2*j(r) - 5*n(r). Calculate the remainder when k(1) is divided by 3.
1
Let h = -1 + -4. What is the remainder when (7/(-2))/(h/20) is divided by 8?
6
Suppose -j + 42 - 8 = 0. Suppose -5*c = -2*f + 273, 144 - 677 = -4*f - 3*c. Calculate the remainder when f is divided by j.
32
Suppose -21 